NOAA-Style Climate Reports

NOAA style reports
2022: Jan | Feb | Mar | Apr | May | Jun | Jul | Aug | Sep | Oct | Nov | Dec 
2021: Jan | Feb | Mar | Apr | May | Jun | Jul | Aug | Sep | Oct | Nov | Dec 
2020: Jan | Feb | Mar | Apr | May | Jun | Jul | Aug | Sep | Oct | Nov | Dec 
2019: Jan | Feb | Mar | Apr | May | Jun | Jul | Aug | Sep | Oct | Nov | Dec 
2018: Jan | Feb | Mar | Apr | May | Jun | Jul | Aug | Sep | Oct | Nov | Dec 
2017: Jan | Feb | Mar | Apr | May | Jun | Jul | Aug | Sep | Oct | Nov | Dec 
2016: Jan | Feb | Mar | Apr | May | Jun | Jul | Aug | Sep | Oct | Nov | Dec 
2015: Jan | Feb | Mar | Apr | May | Jun | Jul | Aug | Sep | Oct | Nov | Dec 
2014: Jan | Feb | Mar | Apr | May | Jun | Jul | Aug | Sep | Oct | Nov | Dec 
2013: Jan | Feb | Mar | Apr | May | Jun | Jul | Aug | Sep | Oct | Nov | Dec 
2012: Jan | Feb | Mar | Apr | May | Jun | Jul | Aug | Sep | Oct | Nov | Dec 
2011: Jan | Feb | Mar | Apr | May | Jun | Jul | Aug | Sep | Oct | Nov | Dec 
2010: Jan | Feb | Mar | Apr | May | Jun | Jul | Aug | Sep | Oct | Nov | Dec 
2009: Jan | Feb | Mar | Apr | May | Jun | Jul | Aug | Sep | Oct | Nov | Dec 
2008: Jan | Feb | Mar | Apr | May | Jun | Jul | Aug | Sep | Oct | Nov | Dec 
2007: Jan | Feb | Mar | Apr | May | Jun | Jul | Aug | Sep | Oct | Nov | Dec 
2006: Jan | Feb | Mar | Apr | May | Jun | Jul | Aug | Sep | Oct | Nov | Dec 
2005: Jan | Feb | Mar | Apr | May | Jun | Jul | Aug | Sep | Oct | Nov | Dec 

Report for 2006 06
MONTHLY CLIMATOLOGICAL SUMMARY for Jun 2006 NAME: Cabrera de Mar, Barcelona ELEV: 9 meters LAT: 41-33.89 N LONG: 002-24.07 E TEMPERATURE (C), RAIN (cm), WIND SPEED (km/h) HEAT COOL AVG MEAN DEG DEG WIND DOM DAY TEMP HIGH TIME LOW TIME DAYS DAYS RAIN SPEED HIGH TIME DIR --------------------------------------------------------------------------------------- 01 16.9 20.3 15:00 11.3 05:15 1.4 0.0 0.00 6.8 27.4 14:45 173 02 18.6 21.6 15:30 15.2 02:00 0.0 0.3 0.00 7.1 27.4 16:30 202 03 18.0 21.3 14:00 13.3 06:30 0.4 0.0 0.08 9.8 48.3 13:45 207 04 18.9 22.7 16:30 14.2 06:30 0.0 0.6 0.00 6.7 29.0 16:45 215 05 19.1 22.4 16:15 14.8 06:45 0.0 0.7 0.00 3.8 20.9 12:30 172 06 20.0 22.9 09:15 16.1 05:30 0.0 1.6 0.00 3.7 20.9 06:00 99 07 19.8 22.9 13:30 16.1 06:30 0.0 1.4 0.00 3.6 19.3 14:00 72 08 19.3 21.9 13:15 17.1 04:00 0.0 0.9 0.00 5.6 24.1 09:45 63 09 19.8 22.7 16:00 16.7 04:45 0.0 1.4 0.02 4.6 25.7 13:30 60 10 20.3 22.9 16:30 18.2 05:45 0.0 1.9 0.00 4.7 22.5 17:30 154 11 20.6 23.3 13:45 16.6 06:00 0.0 2.3 0.00 5.4 29.0 14:15 190 12 21.0 24.6 17:00 17.3 06:00 0.0 2.7 0.00 4.4 20.9 12:00 64 13 20.0 23.3 16:00 16.6 05:45 0.0 1.7 0.00 4.0 16.1 14:30 108 14 20.7 24.8 15:00 16.1 04:30 0.0 2.4 0.00 4.2 20.9 16:15 62 15 22.6 26.0 13:30 19.1 04:00 0.0 4.2 0.04 6.8 37.0 22:45 44 16 22.7 25.7 15:30 20.3 04:30 0.0 4.4 0.08 4.3 22.5 00:00 56 17 23.5 25.5 12:45 21.1 06:45 0.0 5.2 0.00 6.3 30.6 07:30 66 18 22.9 25.3 15:00 20.5 06:30 0.0 4.5 0.00 4.4 24.1 08:15 121 19 22.5 25.0 13:45 20.2 05:15 0.0 4.2 0.00 4.4 22.5 23:45 59 20 22.8 25.0 11:15 21.3 02:45 0.0 4.4 0.00 4.9 35.4 13:00 53 21 23.2 26.8 13:15 20.2 06:30 0.0 4.9 0.00 3.4 20.9 12:00 178 22 23.6 26.4 14:45 20.2 06:30 0.0 5.2 0.00 4.2 22.5 17:00 184 23 23.3 26.9 13:45 20.2 06:00 0.0 4.9 0.00 6.4 30.6 15:00 201 24 23.8 27.2 15:15 20.6 05:30 0.0 5.5 0.00 4.4 19.3 21:00 87 25 23.5 25.6 15:00 21.4 03:45 0.0 5.2 0.00 5.5 24.1 11:15 165 26 23.7 26.2 15:15 20.5 06:45 0.0 5.4 0.00 4.0 19.3 12:45 172 27 24.0 26.8 14:30 21.2 05:30 0.0 5.7 0.00 4.3 25.7 19:00 65 28 24.0 26.4 17:15 21.1 06:15 0.0 5.7 0.00 5.7 30.6 16:15 205 29 25.5 29.2 12:15 21.8 06:45 0.0 7.1 0.00 4.6 25.7 14:00 183 30 25.1 27.8 15:00 22.8 06:00 0.0 6.8 0.00 5.5 32.2 15:00 202 --------------------------------------------------------------------------------------- 21.6 29.2 29 11.3 01 1.8 101.3 0.22 5.1 48.3 03 135