NOAA-Style Climate Reports

NOAA style reports
2022: Jan | Feb | Mar | Apr | May | Jun | Jul | Aug | Sep | Oct | Nov | Dec 
2021: Jan | Feb | Mar | Apr | May | Jun | Jul | Aug | Sep | Oct | Nov | Dec 
2020: Jan | Feb | Mar | Apr | May | Jun | Jul | Aug | Sep | Oct | Nov | Dec 
2019: Jan | Feb | Mar | Apr | May | Jun | Jul | Aug | Sep | Oct | Nov | Dec 
2018: Jan | Feb | Mar | Apr | May | Jun | Jul | Aug | Sep | Oct | Nov | Dec 
2017: Jan | Feb | Mar | Apr | May | Jun | Jul | Aug | Sep | Oct | Nov | Dec 
2016: Jan | Feb | Mar | Apr | May | Jun | Jul | Aug | Sep | Oct | Nov | Dec 
2015: Jan | Feb | Mar | Apr | May | Jun | Jul | Aug | Sep | Oct | Nov | Dec 
2014: Jan | Feb | Mar | Apr | May | Jun | Jul | Aug | Sep | Oct | Nov | Dec 
2013: Jan | Feb | Mar | Apr | May | Jun | Jul | Aug | Sep | Oct | Nov | Dec 
2012: Jan | Feb | Mar | Apr | May | Jun | Jul | Aug | Sep | Oct | Nov | Dec 
2011: Jan | Feb | Mar | Apr | May | Jun | Jul | Aug | Sep | Oct | Nov | Dec 
2010: Jan | Feb | Mar | Apr | May | Jun | Jul | Aug | Sep | Oct | Nov | Dec 
2009: Jan | Feb | Mar | Apr | May | Jun | Jul | Aug | Sep | Oct | Nov | Dec 
2008: Jan | Feb | Mar | Apr | May | Jun | Jul | Aug | Sep | Oct | Nov | Dec 
2007: Jan | Feb | Mar | Apr | May | Jun | Jul | Aug | Sep | Oct | Nov | Dec 
2006: Jan | Feb | Mar | Apr | May | Jun | Jul | Aug | Sep | Oct | Nov | Dec 
2005: Jan | Feb | Mar | Apr | May | Jun | Jul | Aug | Sep | Oct | Nov | Dec 

Report for 2006 04
MONTHLY CLIMATOLOGICAL SUMMARY for Apr 2006 NAME: Cabrera de Mar, Barcelona ELEV: 9 meters LAT: 41-33.89 N LONG: 002-24.07 E TEMPERATURE (C), RAIN (cm), WIND SPEED (km/h) HEAT COOL AVG MEAN DEG DEG WIND DOM DAY TEMP HIGH TIME LOW TIME DAYS DAYS RAIN SPEED HIGH TIME DIR --------------------------------------------------------------------------------------- 01 14.9 19.6 13:00 12.1 07:00 3.4 0.0 0.00 3.5 27.4 12:30 178 02 15.6 19.2 15:30 11.6 07:30 2.7 0.0 0.00 4.2 25.7 15:15 178 03 14.8 18.9 13:30 11.4 06:45 3.5 0.0 0.00 5.1 29.0 16:00 204 04 13.7 16.7 16:30 10.1 07:30 4.6 0.0 0.00 3.4 17.7 15:45 184 05 14.5 18.2 14:30 10.4 07:00 3.8 0.0 0.00 2.9 16.1 14:30 69 06 13.0 14.7 00:15 10.7 07:30 5.3 0.0 0.00 4.0 22.5 13:15 132 07 13.3 16.7 14:45 9.8 07:15 5.0 0.0 0.00 3.0 17.7 13:45 102 08 14.0 18.2 15:15 9.9 07:15 4.3 0.0 0.00 4.5 24.1 15:45 190 09 14.9 17.8 14:45 11.3 07:30 3.4 0.0 0.00 3.4 16.1 10:45 172 10 13.6 16.3 10:30 11.6 23:15 4.7 0.0 0.00 3.7 24.1 15:45 107 11 12.5 15.5 15:15 8.7 08:15 5.8 0.0 0.00 5.5 27.4 15:00 194 12 12.7 17.3 15:00 8.5 06:30 5.6 0.0 0.00 3.4 19.3 11:30 62 13 13.4 16.4 15:15 9.9 08:00 5.0 0.0 0.00 4.2 20.9 16:30 170 14 14.4 18.9 15:15 9.7 06:00 4.0 0.0 0.00 7.3 35.4 16:15 223 15 15.3 18.8 15:45 11.6 05:00 3.0 0.0 0.10 7.6 33.8 16:15 226 16 14.6 16.8 11:30 11.6 07:30 3.8 0.0 0.00 3.5 24.1 00:15 129 17 15.7 19.1 12:15 11.6 04:00 2.6 0.0 0.00 4.1 29.0 00:00 316 18 15.3 17.8 13:45 11.4 08:00 3.0 0.0 0.00 7.6 40.2 02:00 226 19 15.0 17.7 15:30 11.6 06:15 3.3 0.0 0.00 5.9 27.4 20:00 209 20 15.0 18.5 16:00 12.5 05:15 3.4 0.0 0.00 3.4 20.9 19:00 186 21 15.1 18.3 13:30 11.2 04:15 3.2 0.0 0.02 2.5 14.5 14:30 124 22 16.9 19.2 15:45 14.9 03:00 1.4 0.0 0.00 4.5 19.3 17:00 52 23 16.2 17.9 14:45 12.8 07:00 2.1 0.0 0.00 4.1 20.9 11:30 40 24 17.4 22.9 14:15 12.9 02:15 0.9 0.0 0.00 6.9 37.0 10:30 43 25 18.5 22.8 13:30 13.3 06:30 0.0 0.1 0.00 7.1 35.4 10:45 50 26 18.5 22.6 12:15 13.2 07:00 0.0 0.2 0.00 4.3 24.1 16:00 208 27 17.6 19.2 01:15 15.3 07:00 0.8 0.0 0.02 4.3 22.5 20:00 220 28 17.1 21.0 13:15 13.9 06:45 1.2 0.0 0.00 2.9 14.5 14:00 175 29 16.2 19.5 13:15 12.5 07:00 2.2 0.0 0.02 5.3 32.2 13:45 192 30 15.2 17.6 13:30 12.2 07:15 3.1 0.0 0.00 3.9 16.1 13:15 154 --------------------------------------------------------------------------------------- 15.2 22.9 24 8.5 12 95.5 0.3 0.16 4.5 40.2 18 171