NOAA-Style Climate Reports

NOAA style reports
2022: Jan | Feb | Mar | Apr | May | Jun | Jul | Aug | Sep | Oct | Nov | Dec 
2021: Jan | Feb | Mar | Apr | May | Jun | Jul | Aug | Sep | Oct | Nov | Dec 
2020: Jan | Feb | Mar | Apr | May | Jun | Jul | Aug | Sep | Oct | Nov | Dec 
2019: Jan | Feb | Mar | Apr | May | Jun | Jul | Aug | Sep | Oct | Nov | Dec 
2018: Jan | Feb | Mar | Apr | May | Jun | Jul | Aug | Sep | Oct | Nov | Dec 
2017: Jan | Feb | Mar | Apr | May | Jun | Jul | Aug | Sep | Oct | Nov | Dec 
2016: Jan | Feb | Mar | Apr | May | Jun | Jul | Aug | Sep | Oct | Nov | Dec 
2015: Jan | Feb | Mar | Apr | May | Jun | Jul | Aug | Sep | Oct | Nov | Dec 
2014: Jan | Feb | Mar | Apr | May | Jun | Jul | Aug | Sep | Oct | Nov | Dec 
2013: Jan | Feb | Mar | Apr | May | Jun | Jul | Aug | Sep | Oct | Nov | Dec 
2012: Jan | Feb | Mar | Apr | May | Jun | Jul | Aug | Sep | Oct | Nov | Dec 
2011: Jan | Feb | Mar | Apr | May | Jun | Jul | Aug | Sep | Oct | Nov | Dec 
2010: Jan | Feb | Mar | Apr | May | Jun | Jul | Aug | Sep | Oct | Nov | Dec 
2009: Jan | Feb | Mar | Apr | May | Jun | Jul | Aug | Sep | Oct | Nov | Dec 
2008: Jan | Feb | Mar | Apr | May | Jun | Jul | Aug | Sep | Oct | Nov | Dec 
2007: Jan | Feb | Mar | Apr | May | Jun | Jul | Aug | Sep | Oct | Nov | Dec 
2006: Jan | Feb | Mar | Apr | May | Jun | Jul | Aug | Sep | Oct | Nov | Dec 
2005: Jan | Feb | Mar | Apr | May | Jun | Jul | Aug | Sep | Oct | Nov | Dec 

Report for 2006 03
MONTHLY CLIMATOLOGICAL SUMMARY for Mar 2006 NAME: Cabrera de Mar, Barcelona ELEV: 9 meters LAT: 41-33.89 N LONG: 002-24.07 E TEMPERATURE (C), RAIN (cm), WIND SPEED (km/h) HEAT COOL AVG MEAN DEG DEG WIND DOM DAY TEMP HIGH TIME LOW TIME DAYS DAYS RAIN SPEED HIGH TIME DIR --------------------------------------------------------------------------------------- 01 9.2 13.6 12:00 5.6 07:45 9.1 0.0 0.56 5.8 27.4 03:00 155 02 10.2 16.3 15:15 4.2 07:45 8.1 0.0 0.02 8.0 33.8 14:30 241 03 13.2 18.6 14:30 9.0 08:00 5.1 0.0 0.00 12.1 41.8 13:45 230 04 14.6 17.9 14:00 12.1 07:00 3.8 0.0 0.00 16.0 45.1 04:30 229 05 10.6 14.8 00:30 4.6 23:30 7.7 0.0 0.44 6.7 41.8 16:00 270 06 9.0 13.7 14:00 3.6 06:00 9.4 0.0 0.00 5.1 32.2 02:30 36 07 9.8 13.3 15:30 5.9 05:15 8.5 0.0 0.00 6.1 25.7 09:15 231 08 11.0 15.3 16:00 7.7 02:30 7.3 0.0 0.00 2.1 16.1 15:00 34 09 13.3 19.3 12:30 8.3 07:15 5.0 0.0 0.00 4.7 25.7 22:15 199 10 14.4 19.5 14:00 9.8 07:45 4.0 0.0 0.00 13.3 53.1 19:00 268 11 12.8 15.8 13:00 8.9 23:45 5.6 0.0 0.00 13.4 72.4 01:00 265 12 11.2 15.1 13:30 7.6 07:30 7.2 0.0 0.00 4.1 25.7 13:00 173 13 9.8 11.1 05:00 8.7 11:30 8.5 0.0 0.00 3.8 20.9 16:15 210 14 11.6 14.5 16:00 9.7 03:30 6.7 0.0 0.00 6.2 32.2 17:45 218 15 11.4 15.2 11:45 7.3 07:00 7.0 0.0 0.02 6.8 37.0 14:00 209 16 11.8 15.5 14:30 8.7 22:15 6.6 0.0 0.00 3.2 22.5 09:00 76 17 11.7 15.2 13:45 7.7 03:30 6.7 0.0 0.00 3.8 20.9 15:30 59 18 12.9 15.3 12:15 11.3 00:00 5.4 0.0 0.22 7.7 33.8 18:00 47 19 12.6 15.8 14:30 11.3 00:15 5.7 0.0 0.08 4.7 25.7 00:15 36 20 13.0 15.0 11:15 9.8 04:15 5.3 0.0 0.00 3.0 19.3 21:30 167 21 13.4 16.2 14:00 10.4 06:30 4.9 0.0 0.10 6.8 30.6 12:30 221 22 12.7 16.8 14:15 9.3 04:45 5.6 0.0 0.02 4.6 25.7 13:45 193 23 13.8 19.9 12:15 9.0 06:30 4.6 0.0 0.00 8.5 37.0 14:30 221 24 18.7 24.2 15:00 12.9 23:15 0.0 0.4 0.00 14.8 53.1 12:15 266 25 14.1 17.7 13:00 10.6 07:15 4.3 0.0 0.00 6.4 29.0 13:15 210 26 15.3 18.7 13:45 12.8 00:30 3.0 0.0 0.00 9.0 33.8 15:45 223 27 14.5 18.5 14:00 11.3 06:30 3.8 0.0 0.00 5.8 35.4 14:30 215 28 14.8 21.4 12:15 12.3 00:00 3.5 0.0 0.00 6.4 35.4 17:00 35 29 13.0 17.1 15:15 9.7 04:15 5.4 0.0 0.00 2.7 19.3 14:15 95 30 14.6 19.1 14:30 10.4 02:15 3.7 0.0 0.00 6.0 35.4 15:15 211 31 15.0 17.5 15:15 11.4 07:30 3.4 0.0 0.00 3.5 25.7 08:45 148 --------------------------------------------------------------------------------------- 12.7 24.2 24 3.6 06 174.8 0.4 1.46 6.8 72.4 11 233