NOAA-Style Climate Reports

NOAA style reports
2022: Jan | Feb | Mar | Apr | May | Jun | Jul | Aug | Sep | Oct | Nov | Dec 
2021: Jan | Feb | Mar | Apr | May | Jun | Jul | Aug | Sep | Oct | Nov | Dec 
2020: Jan | Feb | Mar | Apr | May | Jun | Jul | Aug | Sep | Oct | Nov | Dec 
2019: Jan | Feb | Mar | Apr | May | Jun | Jul | Aug | Sep | Oct | Nov | Dec 
2018: Jan | Feb | Mar | Apr | May | Jun | Jul | Aug | Sep | Oct | Nov | Dec 
2017: Jan | Feb | Mar | Apr | May | Jun | Jul | Aug | Sep | Oct | Nov | Dec 
2016: Jan | Feb | Mar | Apr | May | Jun | Jul | Aug | Sep | Oct | Nov | Dec 
2015: Jan | Feb | Mar | Apr | May | Jun | Jul | Aug | Sep | Oct | Nov | Dec 
2014: Jan | Feb | Mar | Apr | May | Jun | Jul | Aug | Sep | Oct | Nov | Dec 
2013: Jan | Feb | Mar | Apr | May | Jun | Jul | Aug | Sep | Oct | Nov | Dec 
2012: Jan | Feb | Mar | Apr | May | Jun | Jul | Aug | Sep | Oct | Nov | Dec 
2011: Jan | Feb | Mar | Apr | May | Jun | Jul | Aug | Sep | Oct | Nov | Dec 
2010: Jan | Feb | Mar | Apr | May | Jun | Jul | Aug | Sep | Oct | Nov | Dec 
2009: Jan | Feb | Mar | Apr | May | Jun | Jul | Aug | Sep | Oct | Nov | Dec 
2008: Jan | Feb | Mar | Apr | May | Jun | Jul | Aug | Sep | Oct | Nov | Dec 
2007: Jan | Feb | Mar | Apr | May | Jun | Jul | Aug | Sep | Oct | Nov | Dec 
2006: Jan | Feb | Mar | Apr | May | Jun | Jul | Aug | Sep | Oct | Nov | Dec 
2005: Jan | Feb | Mar | Apr | May | Jun | Jul | Aug | Sep | Oct | Nov | Dec 

Report for 2006 01
MONTHLY CLIMATOLOGICAL SUMMARY for Jan 2006 NAME: Cabrera de Mar, Barcelona ELEV: 9 meters LAT: 41-33.89 N LONG: 002-24.07 E TEMPERATURE (C), RAIN (cm), WIND SPEED (km/h) HEAT COOL AVG MEAN DEG DEG WIND DOM DAY TEMP HIGH TIME LOW TIME DAYS DAYS RAIN SPEED HIGH TIME DIR --------------------------------------------------------------------------------------- 01 11.0 14.9 15:30 8.1 07:15 7.3 0.0 0.00 9.4 43.5 21:00 282 02 9.8 14.3 12:30 5.5 23:00 8.5 0.0 0.00 6.1 41.8 07:00 310 03 9.4 13.9 11:30 4.9 02:30 8.9 0.0 0.00 5.5 35.4 06:00 287 04 6.5 10.6 14:45 2.9 06:30 11.8 0.0 0.00 2.3 16.1 04:15 264 05 7.2 8.5 15:45 4.6 00:45 11.2 0.0 0.32 3.4 16.1 07:45 352 06 8.0 11.7 13:45 3.4 03:30 10.3 0.0 0.08 3.3 19.3 16:30 1 07 11.4 13.4 14:15 9.7 00:15 7.0 0.0 1.30 7.9 32.2 21:00 40 08 11.8 14.0 13:15 9.2 04:45 6.5 0.0 1.44 9.1 35.4 05:30 51 09 10.9 13.9 14:00 7.8 08:30 7.5 0.0 0.30 3.9 16.1 00:45 21 10 10.5 12.5 11:30 9.1 20:15 7.8 0.0 0.82 4.5 24.1 04:00 32 11 9.8 12.2 14:00 5.7 00:00 8.5 0.0 0.00 2.8 19.3 20:45 14 12 7.9 12.4 15:00 4.3 05:00 10.4 0.0 0.00 3.0 16.1 15:45 347 13 9.7 13.8 13:15 7.0 02:15 8.6 0.0 0.00 3.0 14.5 10:45 6 14 9.4 12.9 12:30 5.8 07:00 8.9 0.0 0.32 3.0 19.3 21:00 6 15 8.7 11.9 14:15 5.3 08:15 9.7 0.0 0.28 2.6 16.1 15:30 248 16 9.5 11.4 13:30 7.8 00:00 8.8 0.0 0.08 0.7 9.7 00:15 308 17 10.4 14.2 13:00 6.6 07:45 7.9 0.0 0.00 6.3 33.8 22:45 233 18 10.5 12.8 12:30 7.6 23:15 7.9 0.0 0.00 3.5 29.0 04:00 257 19 10.6 17.4 16:00 6.6 04:30 7.7 0.0 0.02 3.0 19.3 22:00 347 20 11.3 15.6 11:30 7.6 02:45 7.0 0.0 0.00 2.3 14.5 13:15 130 21 11.3 14.2 14:30 7.3 23:45 7.1 0.0 0.02 3.8 25.7 15:15 221 22 8.8 13.5 12:45 5.3 08:15 9.5 0.0 0.02 3.0 27.4 17:00 14 23 10.0 13.7 14:45 7.4 05:00 8.4 0.0 0.00 6.1 30.6 02:15 310 24 8.7 11.9 13:15 6.2 21:30 9.7 0.0 0.00 3.8 16.1 00:15 18 25 7.8 11.8 13:30 3.8 08:15 10.5 0.0 0.00 5.0 27.4 17:00 222 26 7.8 12.1 12:15 4.3 08:00 10.5 0.0 0.00 7.0 27.4 16:00 268 27 4.7 7.3 00:15 3.9 11:45 13.6 0.0 1.10 9.1 33.8 01:30 4 28 5.2 6.1 10:00 4.2 13:45 13.1 0.0 1.96 8.4 38.6 01:00 328 29 9.9 12.5 07:00 6.2 00:30 8.4 0.0 1.02 6.1 37.0 06:15 104 30 11.4 13.2 16:15 8.2 01:15 7.0 0.0 0.74 15.9 59.5 16:30 26 31 14.2 19.4 14:45 9.4 23:15 4.1 0.0 0.00 11.7 53.1 03:30 13 --------------------------------------------------------------------------------------- 9.5 19.4 31 2.9 04 274.1 0.0 9.82 5.3 59.5 30 350