NOAA-Style Climate Reports

NOAA style reports
2022: Jan | Feb | Mar | Apr | May | Jun | Jul | Aug | Sep | Oct | Nov | Dec 
2021: Jan | Feb | Mar | Apr | May | Jun | Jul | Aug | Sep | Oct | Nov | Dec 
2020: Jan | Feb | Mar | Apr | May | Jun | Jul | Aug | Sep | Oct | Nov | Dec 
2019: Jan | Feb | Mar | Apr | May | Jun | Jul | Aug | Sep | Oct | Nov | Dec 
2018: Jan | Feb | Mar | Apr | May | Jun | Jul | Aug | Sep | Oct | Nov | Dec 
2017: Jan | Feb | Mar | Apr | May | Jun | Jul | Aug | Sep | Oct | Nov | Dec 
2016: Jan | Feb | Mar | Apr | May | Jun | Jul | Aug | Sep | Oct | Nov | Dec 
2015: Jan | Feb | Mar | Apr | May | Jun | Jul | Aug | Sep | Oct | Nov | Dec 
2014: Jan | Feb | Mar | Apr | May | Jun | Jul | Aug | Sep | Oct | Nov | Dec 
2013: Jan | Feb | Mar | Apr | May | Jun | Jul | Aug | Sep | Oct | Nov | Dec 
2012: Jan | Feb | Mar | Apr | May | Jun | Jul | Aug | Sep | Oct | Nov | Dec 
2011: Jan | Feb | Mar | Apr | May | Jun | Jul | Aug | Sep | Oct | Nov | Dec 
2010: Jan | Feb | Mar | Apr | May | Jun | Jul | Aug | Sep | Oct | Nov | Dec 
2009: Jan | Feb | Mar | Apr | May | Jun | Jul | Aug | Sep | Oct | Nov | Dec 
2008: Jan | Feb | Mar | Apr | May | Jun | Jul | Aug | Sep | Oct | Nov | Dec 
2007: Jan | Feb | Mar | Apr | May | Jun | Jul | Aug | Sep | Oct | Nov | Dec 
2006: Jan | Feb | Mar | Apr | May | Jun | Jul | Aug | Sep | Oct | Nov | Dec 
2005: Jan | Feb | Mar | Apr | May | Jun | Jul | Aug | Sep | Oct | Nov | Dec 

Report for 2005 12
MONTHLY CLIMATOLOGICAL SUMMARY for Dec 2005 NAME: Cabrera de Mar, Barcelona ELEV: 9 meters LAT: 41-33.89 N LONG: 002-24.07 E TEMPERATURE (C), RAIN (cm), WIND SPEED (km/h) HEAT COOL AVG MEAN DEG DEG WIND DOM DAY TEMP HIGH TIME LOW TIME DAYS DAYS RAIN SPEED HIGH TIME DIR --------------------------------------------------------------------------------------- 01 9.8 13.3 12:30 6.9 08:45 8.6 0.0 0.00 7.5 27.4 04:00 266 02 12.7 15.2 13:15 8.4 01:00 5.6 0.0 0.64 11.0 54.7 14:15 235 03 12.7 16.7 15:00 9.7 23:15 5.6 0.0 0.00 9.2 33.8 00:30 265 04 13.0 17.7 15:15 9.5 06:00 5.3 0.0 0.00 9.1 45.1 15:15 262 05 12.5 16.7 13:15 8.8 21:00 5.9 0.0 0.00 8.4 53.1 14:30 271 06 9.7 14.2 13:45 6.1 06:00 8.6 0.0 0.00 5.6 32.2 14:30 278 07 9.0 15.0 14:45 4.5 08:15 9.3 0.0 0.00 3.3 20.9 09:30 302 08 9.1 12.3 16:00 6.7 23:45 9.2 0.0 0.00 4.2 25.7 11:00 284 09 9.4 15.2 14:15 5.7 00:00 8.9 0.0 0.00 3.4 20.9 14:00 324 10 8.2 14.7 12:45 4.0 08:15 10.1 0.0 0.00 4.2 20.9 11:00 7 11 6.8 10.6 11:15 3.1 08:30 11.5 0.0 0.00 4.4 24.1 22:30 341 12 7.6 10.1 13:15 5.4 05:45 10.7 0.0 0.00 5.0 29.0 01:45 315 13 7.4 10.9 15:30 4.1 23:00 10.9 0.0 0.00 2.1 14.5 10:45 340 14 6.4 11.1 13:45 2.7 06:30 12.0 0.0 0.00 4.1 27.4 13:15 289 15 5.9 11.6 13:00 2.2 05:45 12.4 0.0 0.00 2.4 14.5 06:30 329 16 7.8 12.7 14:30 3.7 00:15 10.5 0.0 0.00 7.8 37.0 11:15 279 17 10.1 14.8 14:15 4.9 01:30 8.2 0.0 0.00 3.5 27.4 05:30 315 18 9.3 11.2 00:15 6.6 07:00 9.0 0.0 0.00 2.5 20.9 02:15 325 19 9.3 12.7 15:15 4.6 23:30 9.1 0.0 0.00 3.9 20.9 00:45 227 20 7.6 12.5 12:00 3.7 07:00 10.8 0.0 0.00 2.6 17.7 18:15 24 21 6.8 13.6 14:15 3.1 06:15 11.6 0.0 0.00 3.3 24.1 15:15 256 22 7.5 13.3 14:00 3.8 07:00 10.9 0.0 0.00 4.0 25.7 16:00 241 23 6.8 12.1 12:30 2.3 05:45 11.5 0.0 0.00 2.3 14.5 00:45 351 24 8.5 12.3 14:30 5.3 01:00 9.8 0.0 0.00 3.4 17.7 15:45 258 25 7.9 12.4 12:30 5.1 23:30 10.4 0.0 0.00 6.2 29.0 06:45 275 26 7.0 10.3 14:15 4.4 06:30 11.3 0.0 0.00 2.1 9.7 06:15 3 27 7.2 8.7 13:15 5.1 21:45 11.1 0.0 0.00 3.6 20.9 06:30 16 28 5.5 9.2 15:30 2.1 00:00 12.8 0.0 0.00 6.4 32.2 05:30 284 29 4.1 8.6 13:45 -0.1 06:45 14.2 0.0 0.00 2.3 17.7 07:15 310 30 7.1 10.9 15:45 3.8 00:45 11.2 0.0 0.00 3.3 22.5 03:00 277 31 10.2 15.0 13:00 6.4 06:30 8.1 0.0 0.00 6.1 27.4 14:00 258 --------------------------------------------------------------------------------------- 8.5 17.7 04 -0.1 29 305.4 0.0 0.64 4.7 54.7 02 278