NOAA-Style Climate Reports

NOAA style reports
2022: Jan | Feb | Mar | Apr | May | Jun | Jul | Aug | Sep | Oct | Nov | Dec 
2021: Jan | Feb | Mar | Apr | May | Jun | Jul | Aug | Sep | Oct | Nov | Dec 
2020: Jan | Feb | Mar | Apr | May | Jun | Jul | Aug | Sep | Oct | Nov | Dec 
2019: Jan | Feb | Mar | Apr | May | Jun | Jul | Aug | Sep | Oct | Nov | Dec 
2018: Jan | Feb | Mar | Apr | May | Jun | Jul | Aug | Sep | Oct | Nov | Dec 
2017: Jan | Feb | Mar | Apr | May | Jun | Jul | Aug | Sep | Oct | Nov | Dec 
2016: Jan | Feb | Mar | Apr | May | Jun | Jul | Aug | Sep | Oct | Nov | Dec 
2015: Jan | Feb | Mar | Apr | May | Jun | Jul | Aug | Sep | Oct | Nov | Dec 
2014: Jan | Feb | Mar | Apr | May | Jun | Jul | Aug | Sep | Oct | Nov | Dec 
2013: Jan | Feb | Mar | Apr | May | Jun | Jul | Aug | Sep | Oct | Nov | Dec 
2012: Jan | Feb | Mar | Apr | May | Jun | Jul | Aug | Sep | Oct | Nov | Dec 
2011: Jan | Feb | Mar | Apr | May | Jun | Jul | Aug | Sep | Oct | Nov | Dec 
2010: Jan | Feb | Mar | Apr | May | Jun | Jul | Aug | Sep | Oct | Nov | Dec 
2009: Jan | Feb | Mar | Apr | May | Jun | Jul | Aug | Sep | Oct | Nov | Dec 
2008: Jan | Feb | Mar | Apr | May | Jun | Jul | Aug | Sep | Oct | Nov | Dec 
2007: Jan | Feb | Mar | Apr | May | Jun | Jul | Aug | Sep | Oct | Nov | Dec 
2006: Jan | Feb | Mar | Apr | May | Jun | Jul | Aug | Sep | Oct | Nov | Dec 
2005: Jan | Feb | Mar | Apr | May | Jun | Jul | Aug | Sep | Oct | Nov | Dec 

Report for 2005 10
MONTHLY CLIMATOLOGICAL SUMMARY for Oct 2005 NAME: Cabrera de Mar, Barcelona ELEV: 9 meters LAT: 41-33.89 N LONG: 002-24.07 E TEMPERATURE (C), RAIN (cm), WIND SPEED (km/h) HEAT COOL AVG MEAN DEG DEG WIND DOM DAY TEMP HIGH TIME LOW TIME DAYS DAYS RAIN SPEED HIGH TIME DIR --------------------------------------------------------------------------------------- 01 20.6 23.9 13:15 16.3 07:00 0.0 2.3 0.00 3.5 16.1 11:30 125 02 19.1 21.6 13:45 16.3 23:45 0.0 0.8 0.04 8.5 37.0 19:45 199 03 17.2 20.6 16:00 13.1 08:15 1.1 0.0 0.00 5.3 20.9 16:15 212 04 17.4 22.2 15:00 13.5 08:30 0.9 0.0 0.00 5.1 25.7 07:15 42 05 16.9 20.2 16:30 13.9 06:45 1.4 0.0 0.18 4.0 24.1 14:15 46 06 17.2 21.1 12:45 13.4 08:15 1.1 0.0 0.02 3.5 22.5 13:15 59 07 17.7 22.2 15:30 12.3 08:00 0.7 0.0 0.00 6.2 29.0 15:45 218 08 19.6 23.1 14:00 15.2 05:30 0.0 1.2 0.00 7.6 33.8 16:30 224 09 19.6 23.1 16:00 15.1 08:00 0.0 1.2 0.00 3.6 19.3 17:30 201 10 19.6 21.6 16:00 16.8 08:00 0.0 1.3 0.00 3.3 20.9 17:45 219 11 18.7 20.7 12:30 17.1 22:45 0.0 0.4 0.14 3.2 17.7 14:00 10 12 19.8 22.5 14:15 17.7 03:00 0.0 1.5 3.34 7.7 35.4 23:15 98 13 19.6 23.2 12:45 17.5 08:30 0.0 1.2 3.06 5.1 40.2 02:00 71 14 17.2 19.1 12:15 14.7 08:30 1.1 0.0 1.30 4.4 25.7 22:00 26 15 18.3 21.0 14:30 15.7 05:45 0.0 0.0 0.16 5.5 27.4 14:30 60 16 18.3 22.9 16:15 14.1 08:30 0.0 0.0 0.14 2.7 16.1 14:00 208 17 17.8 21.3 15:30 14.4 06:30 0.5 0.0 0.02 2.0 11.3 12:15 36 18 20.7 22.5 14:30 17.5 00:15 0.0 2.3 0.12 6.0 29.0 10:15 125 19 19.7 22.8 12:45 17.3 00:00 0.0 1.4 0.00 3.0 16.1 04:45 57 20 18.4 22.6 15:30 13.9 07:45 0.0 0.1 0.00 4.8 22.5 17:45 214 21 20.1 24.2 13:30 17.3 07:00 0.0 1.8 0.00 6.6 29.0 13:45 231 22 20.1 23.7 12:00 17.4 08:45 0.0 1.8 0.00 6.6 29.0 14:00 228 23 18.2 22.4 16:15 15.7 04:15 0.1 0.0 0.00 2.8 22.5 15:45 46 24 17.6 21.3 15:00 13.7 08:30 0.8 0.0 0.00 3.4 20.9 15:15 209 25 17.2 21.4 13:45 13.3 06:45 1.2 0.0 0.00 3.5 24.1 13:15 218 26 17.2 20.9 16:30 13.7 07:45 1.2 0.0 0.02 1.6 9.7 14:30 186 27 20.2 23.8 14:15 17.0 01:15 0.0 1.9 0.00 2.3 16.1 20:00 49 28 20.3 22.4 14:30 19.1 06:15 0.0 1.9 0.00 2.0 14.5 10:15 47 29 20.4 22.8 13:15 18.9 00:00 0.0 2.0 0.00 2.2 11.3 06:00 76 30 20.1 23.8 13:30 16.7 07:15 0.0 1.7 0.00 2.9 16.1 14:00 41 31 20.3 22.5 14:15 18.1 23:15 0.0 2.0 0.00 5.3 27.4 17:45 256 --------------------------------------------------------------------------------------- 18.9 24.2 21 12.3 07 10.1 26.8 8.54 4.3 40.2 13 176