NOAA-Style Climate Reports

NOAA style reports
2022: Jan | Feb | Mar | Apr | May | Jun | Jul | Aug | Sep | Oct | Nov | Dec 
2021: Jan | Feb | Mar | Apr | May | Jun | Jul | Aug | Sep | Oct | Nov | Dec 
2020: Jan | Feb | Mar | Apr | May | Jun | Jul | Aug | Sep | Oct | Nov | Dec 
2019: Jan | Feb | Mar | Apr | May | Jun | Jul | Aug | Sep | Oct | Nov | Dec 
2018: Jan | Feb | Mar | Apr | May | Jun | Jul | Aug | Sep | Oct | Nov | Dec 
2017: Jan | Feb | Mar | Apr | May | Jun | Jul | Aug | Sep | Oct | Nov | Dec 
2016: Jan | Feb | Mar | Apr | May | Jun | Jul | Aug | Sep | Oct | Nov | Dec 
2015: Jan | Feb | Mar | Apr | May | Jun | Jul | Aug | Sep | Oct | Nov | Dec 
2014: Jan | Feb | Mar | Apr | May | Jun | Jul | Aug | Sep | Oct | Nov | Dec 
2013: Jan | Feb | Mar | Apr | May | Jun | Jul | Aug | Sep | Oct | Nov | Dec 
2012: Jan | Feb | Mar | Apr | May | Jun | Jul | Aug | Sep | Oct | Nov | Dec 
2011: Jan | Feb | Mar | Apr | May | Jun | Jul | Aug | Sep | Oct | Nov | Dec 
2010: Jan | Feb | Mar | Apr | May | Jun | Jul | Aug | Sep | Oct | Nov | Dec 
2009: Jan | Feb | Mar | Apr | May | Jun | Jul | Aug | Sep | Oct | Nov | Dec 
2008: Jan | Feb | Mar | Apr | May | Jun | Jul | Aug | Sep | Oct | Nov | Dec 
2007: Jan | Feb | Mar | Apr | May | Jun | Jul | Aug | Sep | Oct | Nov | Dec 
2006: Jan | Feb | Mar | Apr | May | Jun | Jul | Aug | Sep | Oct | Nov | Dec 
2005: Jan | Feb | Mar | Apr | May | Jun | Jul | Aug | Sep | Oct | Nov | Dec 

Report for 2005 09
MONTHLY CLIMATOLOGICAL SUMMARY for Sep 2005 NAME: Cabrera de Mar, Barcelona ELEV: 9 meters LAT: 41-33.89 N LONG: 002-24.07 E TEMPERATURE (C), RAIN (cm), WIND SPEED (km/h) HEAT COOL AVG MEAN DEG DEG WIND DOM DAY TEMP HIGH TIME LOW TIME DAYS DAYS RAIN SPEED HIGH TIME DIR --------------------------------------------------------------------------------------- 01 24.6 27.1 15:45 21.3 07:30 0.0 6.3 0.00 5.6 22.5 17:15 200 02 24.3 27.3 14:30 20.6 07:30 0.0 6.0 0.00 3.8 16.1 16:15 182 03 24.6 28.3 16:45 20.1 07:30 0.0 6.3 0.00 4.7 20.9 15:45 206 04 24.4 27.8 14:45 20.3 07:30 0.0 6.1 0.00 4.7 24.1 17:30 208 05 24.5 26.8 14:45 21.7 04:00 0.0 6.2 0.00 3.5 24.1 16:00 38 06 22.5 26.4 17:45 18.5 05:45 0.0 4.1 0.62 5.6 41.8 05:00 323 07 21.0 24.3 14:45 18.8 07:15 0.0 2.7 1.80 9.7 53.1 18:45 38 08 20.0 22.9 12:15 16.7 23:15 0.0 1.6 1.14 3.2 32.2 16:00 350 09 21.2 24.7 15:30 16.7 00:45 0.0 2.8 0.00 4.4 22.5 12:45 202 10 21.7 24.5 14:45 19.1 07:15 0.0 3.4 0.00 3.6 19.3 19:30 63 11 21.1 25.2 16:15 16.4 07:15 0.0 2.8 0.00 6.5 35.4 17:30 205 12 20.3 23.6 15:00 16.7 05:30 0.0 2.0 0.00 4.2 20.9 15:30 71 13 20.9 23.7 14:00 17.6 07:30 0.0 2.5 0.04 3.8 24.1 23:30 130 14 21.5 24.7 13:45 16.7 07:15 0.0 3.1 0.00 4.6 20.9 00:15 196 15 22.7 26.1 11:45 18.3 07:30 0.0 4.3 0.00 6.7 33.8 15:45 218 16 22.1 24.5 15:45 18.7 07:15 0.0 3.8 0.00 3.5 22.5 21:45 58 17 19.1 23.2 00:15 17.3 00:00 0.0 0.8 1.70 3.9 19.3 17:00 332 18 17.8 20.6 14:45 15.1 06:15 0.5 0.0 0.00 4.8 19.3 08:00 195 19 17.8 21.6 14:00 14.0 08:00 0.5 0.0 0.00 4.4 19.3 08:45 150 20 18.9 23.6 13:30 15.0 03:30 0.0 0.6 0.00 3.3 14.5 11:15 82 21 19.3 23.7 16:15 14.8 06:45 0.0 0.9 0.00 3.8 17.7 15:45 184 22 20.0 24.3 15:30 14.9 07:30 0.0 1.7 0.00 5.7 29.0 17:00 211 23 21.3 24.9 12:30 17.8 03:45 0.0 2.9 0.00 5.9 25.7 16:45 218 24 21.8 24.5 13:45 18.7 06:45 0.0 3.5 0.00 3.8 17.7 20:15 184 25 21.8 24.8 16:00 17.5 21:15 0.0 3.5 1.36 6.6 37.0 21:00 213 26 19.6 24.1 14:45 16.6 04:00 0.0 1.3 0.70 4.7 25.7 15:30 43 27 20.4 24.1 14:15 16.3 06:30 0.0 2.0 0.00 4.1 19.3 15:45 202 28 20.9 24.1 12:45 17.9 05:00 0.0 2.6 0.00 3.3 16.1 15:15 124 29 20.6 23.8 13:15 17.3 06:45 0.0 2.3 0.12 5.5 30.6 15:45 147 30 20.7 23.9 15:15 17.3 07:45 0.0 2.4 0.00 4.9 22.5 16:00 221 --------------------------------------------------------------------------------------- 21.2 28.3 03 14.0 19 1.0 88.3 7.48 4.8 53.1 07 189