NOAA-Style Climate Reports

NOAA style reports
2022: Jan | Feb | Mar | Apr | May | Jun | Jul | Aug | Sep | Oct | Nov | Dec 
2021: Jan | Feb | Mar | Apr | May | Jun | Jul | Aug | Sep | Oct | Nov | Dec 
2020: Jan | Feb | Mar | Apr | May | Jun | Jul | Aug | Sep | Oct | Nov | Dec 
2019: Jan | Feb | Mar | Apr | May | Jun | Jul | Aug | Sep | Oct | Nov | Dec 
2018: Jan | Feb | Mar | Apr | May | Jun | Jul | Aug | Sep | Oct | Nov | Dec 
2017: Jan | Feb | Mar | Apr | May | Jun | Jul | Aug | Sep | Oct | Nov | Dec 
2016: Jan | Feb | Mar | Apr | May | Jun | Jul | Aug | Sep | Oct | Nov | Dec 
2015: Jan | Feb | Mar | Apr | May | Jun | Jul | Aug | Sep | Oct | Nov | Dec 
2014: Jan | Feb | Mar | Apr | May | Jun | Jul | Aug | Sep | Oct | Nov | Dec 
2013: Jan | Feb | Mar | Apr | May | Jun | Jul | Aug | Sep | Oct | Nov | Dec 
2012: Jan | Feb | Mar | Apr | May | Jun | Jul | Aug | Sep | Oct | Nov | Dec 
2011: Jan | Feb | Mar | Apr | May | Jun | Jul | Aug | Sep | Oct | Nov | Dec 
2010: Jan | Feb | Mar | Apr | May | Jun | Jul | Aug | Sep | Oct | Nov | Dec 
2009: Jan | Feb | Mar | Apr | May | Jun | Jul | Aug | Sep | Oct | Nov | Dec 
2008: Jan | Feb | Mar | Apr | May | Jun | Jul | Aug | Sep | Oct | Nov | Dec 
2007: Jan | Feb | Mar | Apr | May | Jun | Jul | Aug | Sep | Oct | Nov | Dec 
2006: Jan | Feb | Mar | Apr | May | Jun | Jul | Aug | Sep | Oct | Nov | Dec 
2005: Jan | Feb | Mar | Apr | May | Jun | Jul | Aug | Sep | Oct | Nov | Dec 

Report for 2005 07
MONTHLY CLIMATOLOGICAL SUMMARY for Jul 2005 NAME: Cabrera de Mar, Barcelona ELEV: 9 meters LAT: 41-33.89 N LONG: 002-24.07 E TEMPERATURE (C), RAIN (cm), WIND SPEED (km/h) HEAT COOL AVG MEAN DEG DEG WIND DOM DAY TEMP HIGH TIME LOW TIME DAYS DAYS RAIN SPEED HIGH TIME DIR --------------------------------------------------------------------------------------- 01 02 03 04 05 06 07 08 09 10 11 12 13 14 15 16 17 18 24.8 25.7 17:10 23.3 00:00 0.0 6.4 0.00 3.1 11.3 16:47 170 19 24.8 27.2 11:45 22.7 00:45 0.0 6.4 0.00 5.6 27.4 07:30 190 20 25.0 27.6 13:30 21.3 05:00 0.0 6.7 0.00 6.6 30.6 14:30 210 21 25.6 27.8 15:40 22.4 06:45 0.0 7.3 0.00 6.9 30.6 18:15 193 22 25.7 27.7 16:00 22.2 04:50 0.0 7.3 0.00 6.4 24.1 09:20 174 23 25.5 28.3 14:50 22.1 06:50 0.0 7.2 0.00 7.4 33.8 17:00 196 24 25.5 28.0 16:00 22.1 06:10 0.0 7.2 0.00 7.2 29.0 13:10 197 25 25.5 28.1 15:15 23.3 04:55 0.0 7.2 0.00 4.6 20.9 15:55 78 26 25.6 27.9 13:05 22.9 06:15 0.0 7.2 0.00 4.3 19.3 13:35 168 27 25.6 28.7 14:35 21.7 06:40 0.0 7.2 0.00 4.9 22.5 16:55 168 28 26.1 28.9 15:55 23.6 03:55 0.0 7.8 0.00 5.1 20.9 15:40 190 29 26.4 28.9 14:30 24.1 04:25 0.0 8.1 0.00 4.8 20.9 22:40 108 30 25.6 27.8 16:25 23.6 23:50 0.0 7.3 0.00 5.3 27.4 14:40 152 31 24.4 26.4 13:25 22.3 04:50 0.0 6.1 0.00 5.3 22.5 13:15 112 --------------------------------------------------------------------------------------- 25.5 28.9 28 21.3 20 0.0 99.4 0.00 5.6 33.8 23 175